d 418.
22
Let x = -174 - -178. Suppose 6*j = -s + x*j + 24, 4*s + 2*j - 120 = 0. Calculate the highest common divisor of 16 and s.
16
Let b = 4 + -16. Let t(o) = -o**2 - 13*o. Let r be t(b). Suppose 20 + r = 8*d. Calculate the greatest common divisor of 4 and d.
4
Let i be (3 + -1)/(5 + (-91)/21). Let f = -514 + 523. Calculate the highest common factor of f and i.
3
Let n(o) = -10695*o + 953. Let j be n(-4). Calculate the highest common divisor of 101 and j.
101
Suppose -112*j - 119*j + 45162 = -38*j. Calculate the highest common factor of 1002 and j.
6
Let p = -19 + 19. Suppose g - 3 = -p*g. Suppose 0 = -0*t - 2*t + 3*q + 95, -g*q - 15 = 0. What is the highest common factor of 8 and t?
8
Let m = 368 - 372. Let d be (-1)/1*m - 671/(-11). What is the greatest common factor of 10 and d?
5
Let o be 457/(-4) - 1/(-4). Let k be 4/(-18)*1 + o/(-27). Let a be -2*(1 - 3)*1. What is the highest common divisor of k and a?
4
Let f be (132*5/(-10))/((-4)/(-46)). Let o = f - -838. Calculate the greatest common divisor of o and 1501.
79
Let s be 1650/28 - (-214)/2996. What is the greatest common factor of 5723 and s?
59
Suppose 4*m - 4*f = -0*f, 5*m + 2*f = 0. Suppose m = 98*q - 87*q - 1265. Calculate the greatest common divisor of 5 and q.
5
Let h be -7 - (((-471)/2)/((-162)/(-216)) + 3). Calculate the highest common factor of h and 2204.
76
Suppose 24*s - 22*s = -232. Let o = s - -220. Calculate the greatest common divisor of 130 and o.
26
Let m be (-3)/4 + (-819)/(-52) + -6. Suppose p + 0*p = 4*x + m, -p + x + 24 = 0. Calculate the highest common divisor of p and 232.
29
Suppose -3*j - 5*s = -25 - 46, -5*j = -3*s - 73. What is the highest common divisor of j and 187?
17
Suppose -5*v + b = -2*b - 10, 0 = 5*v - b - 20. Suppose 0 = 4*f - v*x - 333, -f + 6*f = 2*x + 429. Calculate the greatest common factor of 3 and f.
3
Suppose -5*x + 10*x - 15 = 0. Suppose 0 = 5*t - 6*o + x*o + 157, -2*t + 3*o - 61 = 0. Let p = -30 - t. Calculate the greatest common divisor of p and 4.
2
Suppose 327*m - 307*m - 400 = 0. What is the greatest common factor of 30000 and m?
20
Let q be (372/15)/(88/110). What is the greatest common divisor of q and 3317?
31
Let j = 78 - 92. Let i = j + 37. What is the highest common divisor of i and 1?
1
Let l be 20*3/((-12)/(-16)). Suppose -145*d + 570 = -142*d. Suppose -d = 7*b - 26*b. Calculate the greatest common divisor of l and b.
10
Let m = 2274 - 2259. Calculate the greatest common divisor of m and 245.
5
Suppose -43*q = -37*q - 42. Suppose -5*w = 5*n - 1145, -5*n = w - q*n - 214. Calculate the highest common divisor of w and 7.
7
Suppose -5*u = -3*z - 17, -6*z + 3*z = 5*u - 23. Suppose -u*b - 99 = -3*l, -6*l - b + 165 = -l. What is the greatest common divisor of l and 66?
33
Let v = 4256 - 4226. Let c = 8 + -5. Suppose -215 = -3*u + 2*a, c*u + a - 155 = u. What is the highest common factor of u and v?
15
Let l(r) = 4*r**2 - 56*r - 9. Let p be l(14). Let y(z) = 5*z**2 - 10*z + 15. Let b be y(p). Calculate the greatest common divisor of 30 and b.
30
Let m be 0/(1/(2/4)). Suppose m*l = 5*y - 4*l - 33, 5*y - 31 = 3*l. Let o = 295 - 255. Calculate the greatest common divisor of o and y.
5
Suppose 2*y - 33684 = -2*b, 380*y - 2*b + 84225 = 385*y. What is the greatest common factor of 17 and y?
17
Let y = 586 - 356. Let p = -4330 + 4376. What is the highest common divisor of p and y?
46
Let o = -3212 + 3226. Calculate the highest common divisor of o and 406.
14
Suppose -1013*z + 1048*z - 10815 = 0. Calculate the highest common divisor of 2369 and z.
103
Suppose 19*u = -253 + 310. Let m(p) = 131*p + 1. Let b be m(1). Suppose -3*v - b = -7*v. Calculate the greatest common divisor of u and v.
3
Suppose 2400 = 10*w + 40*w. Suppose 288 = -0*q + 12*q. What is the highest common divisor of q and w?
24
Let b be (-13 + -1)/((-12)/42). Suppose 0 = -f - 2*j + 18, 6*j = -3*f + j + b. Let l be 1128/(-987)*(-50 + 1). What is the greatest common divisor of l and f?
8
Suppose 8*h + 5*i = 7*h + 347, 0 = h + i - 351. Let b be 18 + (2 + -6)*-1. Calculate the highest common factor of b and h.
22
Let j(g) = -119 - 28 - 89 + 0*g + 10*g + 18*g. Let r be j(10). What is the greatest common divisor of r and 77?
11
Let u be (-17)/(9 + -10) - -1247. Calculate the greatest common factor of u and 24.
8
Let c = -4965 - -4992. What is the highest common divisor of 117 and c?
9
Suppose 3*x + 4*u + 134 = 194, x + 4*u - 20 = 0. What is the greatest common factor of 12900 and x?
20
Suppose -4*z + 0*z + 4 = 0, 5*z + 198 = g. Let x = g - 119. Calculate the highest common factor of x and 12.
12
Let y be 5 - (-10647)/(45/5). Calculate the greatest common divisor of y and 88.
44
Let k(o) = 545*o**2 - 94*o + 1. Let f be k(-1). Calculate the greatest common divisor of 15 and f.
5
Suppose -s = -3*s + 6. Let i be -10*((-24)/10)/s. Let b = -125 - -181. Calculate the greatest common divisor of i and b.
8
Suppose -28*x + 10 = -23*x. Suppose 2*r - f = 7*r - 17, x*f = -r - 2. Let w(k) = 17*k - 2. Let o be w(2). What is the highest common factor of o and r?
4
Suppose -352 = 45*j - 403 - 579. Calculate the greatest common factor of 5362 and j.
14
Let p(s) = 0 + 7*s**2 - 9*s - 6*s**2 + 2. Let z be p(10). Let o(d) = -4*d - 5. Let q be o(-2). What is the greatest common divisor of z and q?
3
Let d(b) = -b**3 - 32*b**2 - 90*b - 31. Let h be d(-29). Calculate the highest common factor of 136 and h.
8
Let m(v) = 21 + 23 - 16*v + 9*v + 21. Let i be m(9). What is the greatest common divisor of 10 and i?
2
Suppose -33*u + 38 + 127 = -33. Calculate the highest common factor of 129 and u.
3
Let d(t) = -t**3 + 34*t - 10. Let m be d(-6). Suppose -z = -j + 126, -m*j + 244 = 3*z - 7*z. What is the highest common factor of 10 and j?
10
Let t(s) = -s**2 - 6*s + 142. Suppose -7*w - 19*w + 208 = 0. Let o be t(w). Calculate the greatest common factor of 270 and o.
30
Let n = -4946 - -5128. Calculate the greatest common divisor of n and 338.
26
Let p be ((-16)/((-384)/126) - 5)*268. Calculate the highest common divisor of p and 8375.
67
Let v(c) = c**3 - c**2 - 3*c + 4. Let a = -21 + 22. Let y be v(a). Suppose -y = n + w, -n = -3*w + 1 - 12. What is the greatest common factor of 5 and n?
1
Let p(h) = -15 - 68 + 21 - 36 - 3*h - 10*h. Let t be p(-14). What is the greatest common divisor of 4 and t?
4
Let m be (-7 - 140/(-24) - -8)*6. Let z be 0 - (-9 - 1)/2. Suppose -z*x + 69 = -m. Calculate the greatest common divisor of x and 154.
22
Let g be (-1134)/252*(-20)/18. Calculate the highest common divisor of 2070 and g.
5
Let f(c) = c**3 + c**2 + 42*c - 313. Let b be f(10). What is the highest common divisor of b and 17?
17
Suppose 4 = 3*j - 8. Let h(x) = x**3 - 6*x**2 + 11*x + 6. Let o be h(j). Suppose -5*d + 22 + 23 = 0. What is the highest common factor of o and d?
9
Let l be 117/21*2*(-21 - -7). Let h = 173 + l. What is the greatest common divisor of 170 and h?
17
Suppose 20*j + 281 - 1821 = 0. Calculate the highest common factor of j and 99.
11
Suppose 75*d - 3285 - 3770 - 5320 = 0. Calculate the highest common divisor of 55 and d.
55
Let o be (3660/1281)/(2/8099). What is the highest common factor of o and 390?
130
Let i be 14 + 0 + (15 - 16). Suppose t = 3*v + 5*t - 3869, 4*v - 5160 = -6*t. What is the highest common factor of i and v?
13
Suppose 5834 + 15694 = 24*j. What is the greatest common factor of 104 and j?
13
Suppose 374*n = 362*n + 19992. What is the highest common divisor of 102 and n?
34
Suppose -4*z + 5*l = -59, 6*z - 2*l - 39 = 3*z. Let k be -16 + 670/2 + 0. What is the highest common divisor of k and z?
11
Let l(y) = -112*y - 54. Let f be l(-2). What is the greatest common divisor of f and 180?
10
Let c be ((-15)/(-90))/((-1)/(-1338))*(7 - -5). Calculate the highest common factor of c and 24.
12
Let b(c) = 15*c + 65. Let s be b(-11). Let q = 232 + s. What is the highest common factor of 33 and q?
33
Suppose -423*i + 428*i - 460 = 5*v, -2*i + 184 = v. What is the highest common factor of i and 1449?
23
Let h = -108 + 92. Let k be (88/h - -1)*14/(-1). Calculate the highest common divisor of 45 and k.
9
Let f(h) = -h + 56. Let u(x) = 2*x**2 + 9*x + 4. Let k be u(-6). Suppose 9*j - 8*j + k = 0. Let z be f(j). Calculate the greatest common factor of z and 6.
6
Suppose 107420 = 29*b - 9*b. Calculat